*a + 5. Let w be p(-12). Suppose -3*g - 44 = -2*d, -19 = -d + w*g - 2*g. Is d a multiple of 25?
True
Suppose 3*i = 7 + 8. Suppose i*j + 4 = -26. Is (-5)/(-15) - 94/j a multiple of 8?
True
Let l be 15/6*48/20. Does 3 divide (-2)/(-4)*(8 + l)?
False
Let n(h) be the second derivative of -h**5/20 - h**4/2 + 5*h**3/6 - 9*h**2/2 - h. Let p be n(-7). Suppose -2*x + 7 = -p. Is 6 a factor of x?
True
Let j = -59 - -84. Does 16 divide j?
False
Let d be 2/(-3) + 612/27. Is 4/22 + 2416/d a multiple of 16?
False
Suppose -3*y - 3 = 0, -2*i + 84 = -4*y - 0. Does 20 divide i?
True
Suppose 2*m = 7*k - 3*k - 344, 3*k = -5*m + 284. Is k a multiple of 16?
False
Let t be -5*(-4 + (2 - 1)). Let a(o) = o - 4. Let x be a(4). Suppose 0 = -x*i - 5*i + t. Is i even?
False
Let l(n) = n**3 + 2*n**2 - n + 1. Suppose 3*q = 4*t + 10, 2*q - 5*q = 3*t + 18. Is 3 a factor of l(q)?
True
Let k(o) = o + 4. Is k(7) a multiple of 6?
False
Is 63/1 - (22 + -23) a multiple of 13?
False
Let r be 0 + (-1 + 2 - -1). Let y(f) = -7 - 5*f**r - 2*f**3 + 11*f**2 + f**3 + 6*f. Is 16 a factor of y(5)?
True
Suppose 0 = -5*y + q + 1, 2 + 1 = 5*y - 3*q. Suppose -3*w + 2*w + 21 = y. Is 11 a factor of w?
False
Suppose 3*k - 9 = b, 2*k + 3 = 3*k - b. Let r(f) be the second derivative of -f**5/20 + 5*f**4/12 - 2*f**3/3 - f**2/2 - 16*f. Is r(k) a multiple of 3?
False
Let y(r) = 7*r - 4. Let f(x) be the first derivative of x**2/2 - x - 2. Let h(z) = -6*f(z) + 2*y(z). Is 7 a factor of h(2)?
True
Suppose 0 = 7*t - 3*t + 544. Let h = -65 - t. Let u = h + -50. Is u a multiple of 9?
False
Let u = 1 + 2. Suppose -2*r = 4*x - 146, -5*x - u*r = 85 - 268. Does 13 divide x?
False
Let d = -75 - -147. Is 18 a factor of d?
True
Let z be 4 - 3 - -2*1. Suppose 10 = -5*c, -3*h - 2*c - z = -5. Suppose 0 = -h*g + 26 - 2. Is g a multiple of 6?
True
Suppose 5*o - 96 = -26. Let i = o - 6. Let v = i + 4. Is v a multiple of 8?
False
Suppose -6*n + 32 = -5*n. Is 16 a factor of n?
True
Let l be (1/2)/(2/8). Suppose -4*g - 10 = -4*s + l*s, -g + 20 = 4*s. Let a(f) = -f**2 + 7*f - 2. Is 8 a factor of a(s)?
True
Let i(m) = 31*m. Let d(w) = 1. Let z(r) = r - 2. Let v be z(3). Let q(u) = v*d(u) + i(u). Is 11 a factor of q(1)?
False
Let k(w) = -w**2 - 4*w + 9. Is k(-3) a multiple of 12?
True
Let x(j) = j**2 - 4*j - 3. Let s be x(3). Is 4*-6*8/s a multiple of 11?
False
Let v(f) be the second derivative of -f**6/120 + 3*f**5/20 + f**4/12 - 4*f**3/3 + f**2/2 - 2*f. Let h(m) be the first derivative of v(m). Is 4 a factor of h(9)?
False
Suppose 0 = f - o - 22, 3*o = 4*f - 83 - 8. Is 12 a factor of f?
False
Suppose 3*h - 45 = -0*h. Is h a multiple of 15?
True
Let d(c) = 9*c - 2. Let p be d(-12). Let w = -72 - p. Is 19 a factor of w?
True
Let p = 110 + -57. Let w(h) = h**2 - 5*h - 6. Let v be w(-4). Let z = p - v. Is z a multiple of 23?
True
Suppose 0 = -c - 2*c + 9. Let q be ((-5)/c)/((-2)/6). Suppose q*z - u - 83 = 0, 3*z + u + 66 = 7*z. Is 6 a factor of z?
False
Suppose 0 = -3*m + m. Suppose 3*l + 5 = -4*j, -2*j + 17 = -m*l - 5*l. Let c = j + 3. Is c a multiple of 3?
False
Let d = -2 + 4. Let f(l) = 3*l - 3. Let p be f(d). Suppose -170 = -8*r + p*r. Is 17 a factor of r?
True
Let t = 14 + -8. Suppose -f = -t*f + 30. Is 2 a factor of (2 - (f + -3)) + 7?
True
Suppose 5*t + 2*w - 96 = 0, 3*t - w - 29 - 22 = 0. Let j = t + 7. Does 12 divide j?
False
Let h(a) = a**2 - 4*a + 3. Let m be h(4). Suppose p = m*p - 32. Does 8 divide p?
True
Let z(i) be the first derivative of 6*i - 2 - 1/3*i**3 + 0*i**2. Is 6 a factor of z(0)?
True
Does 6 divide 4*(2 - -10) - -2?
False
Suppose t - 8 = 3*t. Suppose 2 + 38 = 4*d. Let j = d + t. Is 6 a factor of j?
True
Let y be (24/10)/(6/20). Does 2 divide (10/y)/((-2)/(-8))?
False
Let p(z) = z**3 - 5*z**2 - 7*z - 1. Does 16 divide p(7)?
True
Suppose -4*y = -0*l - 4*l - 992, 0 = 4*y + 2*l - 992. Does 49 divide y?
False
Suppose -3 = -4*y + 5. Suppose -y*l + 7 = -3. Does 2 divide l?
False
Suppose 3*i + 14 = 4*k, 2 - 3 = -k + 2*i. Suppose -2*m + k*m - 33 = 0. Is m a multiple of 7?
False
Let r(d) = 17*d + 2. Let k be r(-1). Is (3 - k/(-6))*78 a multiple of 16?
False
Suppose 0 = -4*h - 3*w - 288 + 817, 5*h - 2*w - 690 = 0. Is h a multiple of 34?
True
Let t = -13 - -38. Let r = t + -6. Does 17 divide r?
False
Does 16 divide ((-1780)/110 + (-4)/(-22))*-22?
True
Let x(t) = -55*t + 2. Is x(-1) a multiple of 19?
True
Let x(k) = -44*k. Is x(-1) a multiple of 22?
True
Let i(z) = -6*z**3 - 4*z**2 - 3*z. Suppose -2*a = 3*a + 10. Is 19 a factor of i(a)?
True
Let z(d) be the second derivative of -d**5/20 + 7*d**4/12 + d**3/6 - 9*d**2/2 - 2*d. Let u be z(7). Is 15 a factor of 17 + 2/u + -1?
True
Let z(r) = r**3 - 5*r**2 - 2*r - 4. Let w(u) = u**3 - 2*u**2 - 3. Let s be w(3). Let k be z(s). Suppose -4*x = x - k. Is x a multiple of 4?
True
Is 13 a factor of 1/(-3) - 550/(-30)?
False
Does 8 divide 4 + 33 - (-3 - 0)?
True
Let h(n) = 2*n**2 + 6*n + 24. Is 8 a factor of h(-3)?
True
Suppose -5*q + 342 = 4*b, 4 + 6 = -5*b. Let z = q - 33. Is 17 a factor of z?
False
Suppose -2*n + 2 = 0, 5*c - 5*n + 3*n - 598 = 0. Is c a multiple of 20?
True
Let n = -4 - -5. Let l be (-51)/(-6)*n*-10. Does 13 divide (1/(-1))/(5/l)?
False
Is (-2)/(-7) - 3024/(-49) a multiple of 31?
True
Let a(n) = -27*n + 6. Does 22 divide a(-6)?
False
Suppose -2*q = -q + 2*y - 1, y - 5 = -q. Does 3 divide q?
True
Suppose -14*z + 100 = -1398. Is 11 a factor of z?
False
Let f be 1/(-2)*-10 + -3. Suppose 3*u - f*b - 91 = -0*u, b - 130 = -5*u. Does 9 divide u?
True
Let x(a) = 3*a**2 - 3*a. Is 15 a factor of x(4)?
False
Let b = -18 + 63. Does 22 divide b?
False
Let q be (-936)/(-20) + 3/15. Let s be 97/(-5) + (-6)/(-15). Let o = q + s. Is 17 a factor of o?
False
Suppose 2*n + 320 = -3*p, 0 = -0*p + 3*p - n + 317. Let d = p - -76. Is 3 a factor of (4/10)/((-3)/d)?
False
Suppose 3*z - 29 = 7. Is 12 a factor of z?
True
Let f(m) = 4*m**2 - 8*m + 10. Is f(4) a multiple of 12?
False
Suppose h + 56 = 3*h. Is 17 a factor of h?
False
Suppose -2*y = -0*v - v + 157, 0 = v + 3. Let n be 33/(-2)*y/15. Suppose -7*b + 3*b + n = 0. Does 11 divide b?
True
Let c = 15 + -10. Suppose c*h - 240 = 4*m, m - 240 = -5*h - m. Does 24 divide h?
True
Suppose 0 = -5*d + 540 + 640. Does 6 divide d/13 + (-26)/169?
True
Is 12 a factor of 24/(-36) + (-2)/((-12)/502)?
False
Suppose o = -4*o + 15. Suppose o*b - 13 = 50. Does 7 divide b?
True
Let p = -8 + -18. Let i = p + 44. Does 6 divide i?
True
Suppose 3*a - a - 56 = 0. Does 7 divide a?
True
Let b(k) = k + 9 + 2 + 0*k. Is b(-4) a multiple of 4?
False
Suppose 4*v + 0*d + d + 8 = 0, -2*v = 3*d - 6. Let b = v - -3. Let q(t) = -t**2 + 7. Is q(b) a multiple of 4?
False
Let k(m) = -m**3 - 8*m**2 - 2*m - 12. Let x be k(-8). Let l be (1 + -6)*x/10. Let r(z) = -z**3 - 2*z. Does 5 divide r(l)?
False
Let x = -89 + 125. Is x a multiple of 5?
False
Let x = 10 - 6. Suppose -6 = -x*q + 2. Does 8 divide q/((-48)/27 - -2)?
False
Let p(o) = -10*o**2 - 5*o + 1. Let b(c) = -11*c**2 - 4*c + 1. Let q(h) = -6*b(h) + 5*p(h). Is 18 a factor of q(-2)?
False
Let d = 5 + -3. Suppose d*q - 13 - 3 = 0. Does 8 divide q?
True
Is 12 a factor of (-4)/4*62/(-2)?
False
Let h(y) = -y**2 - 6*y + 2. Let v be h(-6). Suppose -v*c = 3*i - 34, -7*c = -5*c - i - 26. Is c a multiple of 7?
True
Suppose 4*f + f + 2*l - 5 = 0, -3*l - 27 = -4*f. Suppose -f*p = 2*p - 40. Is p a multiple of 8?
True
Suppose o + 12 = 5*o. Let z = o + -1. Suppose 112 = z*n + 2*n. Does 12 divide n?
False
Suppose 2*m = -0*m + 38. Let n = -62 + m. Is 19 a factor of (n - -2)*(-4 - -3)?
False
Let r(w) be the third derivative of w**5/60 - 4*w**3/3 + 3*w**2. Is r(-6) a multiple of 11?
False
Suppose 3*m - 55 = -2*m + 4*r, 0 = 2*m + 3*r - 22. Suppose -m + 51 = 5*d. Does 5 divide d?
False
Suppose -3*o = 3*h - 177, 3*o + 201 = 4*h - 0*o. Is 18 a factor of h?
True
Let o = 239 + -109. Is o a multiple of 26?
True
Let a be 5/((-15)/(-9)) + -2. Let x be (2 + -3)*(4 - a). Is 6 a factor of (-93)/(-6) + x/(-6)?
False
Suppose 40 = 4*m - 24. Is m a multiple of 14?
False
Suppose 4*l = -3*i + 10, -5*l + 0 = 3*i - 14. Let r(c) = c - 1. Let z be r(6). Suppose -3 - z = -l*b. Is 2 a factor of b?
True
Let d(b) = -b**2 - 18*b + 19. Is d(-14) a multiple of 19?
False
Let z(t) = 5*t**2 - 3*t + 13. Is z(-5) a multiple of 44?
False
Let d(l) = -61*l - 1. Is 15 a fa